k = 5*p - 2*k - 25, 4*p = u*k + 20. Let f(z) = z**2 - 4*z. Give f(p).
5
Suppose -4*r - 24 + 0 = 0. Let t(w) = -w**2 - 1 + 2 - 8 - 8*w + 4. Determine t(r).
9
Suppose 0 = -3*j + 2*x + 4 + 2, x = 4*j - 3. Suppose -3*r - 27 + 36 = j. Let u(o) = o**2 - 3*o + 2. Give u(r).
2
Let q(j) = -j**3 + 6*j**2 - 8*j + 6. Let v(n) = n + 3. Let t be v(2). Suppose -4*o + 3*p = -8, 0 = -5*o + 2*o + t*p - 5. Calculate q(o).
-9
Let s(g) = g**2 - 1 + 0*g**2 - 2*g**2 + 8*g. Let p be 219/27 + 0 + 35/(-315). Give s(p).
-1
Let c = -15 + 18. Suppose c*f - 15 = -2*f. Let z be (f/9)/(2/6). Let w(t) = 12*t**3 + 2*t**2 - 2*t + 1. Determine w(z).
13
Let q(a) = -a**2 + 8*a - 2. Let x be q(10). Let l = x - -25. Let z(r) = 6*r - 4. Calculate z(l).
14
Let u(j) = j + 1. Let s(m) = 2*m + 3. Let q(r) = 6*s(r) - 11*u(r). Let z be (3 - 14)/((-6)/(-6)). Determine q(z).
-4
Let i(y) = y + 8. Let c(p) = -p**2 - 9*p + 2. Let w be c(-9). Let g be w/(-3) - 66/(-18). Suppose g*d + 12 = 5*s, s + 2*d = -d - 12. Give i(s).
8
Let k(s) = -9*s + 2. Let q be k(1). Let r(d) be the first derivative of -d**4/4 - 3*d**3 - 5*d**2 + d - 60. What is r(q)?
-27
Let h(r) be the second derivative of r**3/3 + r**2 - r + 14. Determine h(3).
8
Suppose -4*a - 3*s = -s + 42, -3*s = a + 23. Let n(z) = -z**2 - 9*z - 11. Determine n(a).
-3
Suppose -9*n + 13*n + 8 = 0. Let h be (-2 - n) + -2 - (-2 + -2). Let u(o) = 2*o**3 - 4*o**3 + 2*o + o**3 - o**2. Determine u(h).
-8
Suppose 20 = 5*j - 5*x, 15 = -5*j - 5*x + 3*x. Let z be (0/(-1))/(j + 2). Let o(i) = z*i + 0*i + 2*i - 1 - 1. Determine o(-3).
-8
Let c(q) = -q**3 - 4*q**2 + 2*q - 2. Let h = 1344 - 1348. Give c(h).
-10
Suppose -5*b - 30 = -2*u, u = 5*b - b + 24. Let s(k) = -k**3 - 4*k**2 + 15*k + 14. Let f be s(b). Let p(v) = -4 - v**3 - 2*v**2 + 3*v + 0 - 2*v**2. Give p(f).
-16
Let s(a) = -a + 22. Let f be s(30). Let g(p) = p**2 + 10*p + 10. Give g(f).
-6
Let i(y) = -y**3 - 4*y**2 + 6*y + 6. Suppose 41 = -12*u - 19. Determine i(u).
1
Let n(w) be the third derivative of -w**4/3 - 86*w**2. Determine n(-1).
8
Let b = 1971 + -1961. Let l(k) be the first derivative of 1/2*k**2 + 5*k - b. Determine l(-5).
0
Let v(f) = -f**3 - 7*f**2 - 2*f - 3. Let o(a) = -6*a + 6. Let d(n) = 1. Let j(b) = -d(b) + o(b). Let w be j(-5). Suppose -11*c = -6*c + w. What is v(c)?
11
Let t(r) = 16*r - 17*r - 5*r**3 + 4*r**3. Let x(s) = 6*s**3 - 3*s**2 + s + 3. Let w(m) = 5*t(m) + x(m). Give w(3).
-9
Let r(j) = j**2 - 16*j + 60. Let a be r(7). Let d(s) = s**3 - 3*s. Give d(a).
-18
Let z(p) = 3*p**2 + 23*p - 4. Let o(n) = 2*n**2 + 20*n - 4. Let a(k) = -5*o(k) + 4*z(k). Determine a(3).
-2
Let m be 0*(-4)/(-5 - -1). Let d be m - (6/(-2 - 1) + 1). Let a(x) = 5*x + 1. What is a(d)?
6
Let p(c) = 3*c - 15. Let i be p(6). Let s be -1 + 5 - (0 - i). Let o(g) = -g**2 - s - 4 - g - 2 - 4. Calculate o(0).
-17
Let t(p) = p**2 + 16*p + 9. Let q = -1706 - -1690. Determine t(q).
9
Let l(d) = d**2 - 10*d + 4. Suppose f - 5*i = -16, 3*i + 31 = 5*f + 1. Determine l(f).
-5
Suppose -5*g + 3*z + 7 = 0, 5*z - 22 + 9 = -4*g. Let q(p) = -p**3 - 3*p**2 + 2*p. Let m(o) = o**3 + o - 1. Let d(t) = -2*m(t) - q(t). Calculate d(g).
-2
Let x(m) = -4158*m**2 + 4161*m**2 - 2*m + 0*m**3 + 3 - m**3. Calculate x(2).
3
Let j(k) = 17*k + 88. Let l be j(-5). Let m(b) = b - 3. Give m(l).
0
Let x(q) = 17509 + 2*q - 11*q**2 + 17496 - 35006. Suppose 0*b = b - 1. What is x(b)?
-10
Let d(z) be the third derivative of 1/360*z**6 + 0 + 4*z**2 + 1/60*z**5 + 0*z + 2/3*z**3 + 0*z**4. Let i(s) be the first derivative of d(s). Give i(2).
8
Let a(n) = n**2 - 5*n - 11. Let c be (-48)/48 - 2/((-4)/18). Calculate a(c).
13
Let t(d) = -d - 4. Suppose -5*a + 15 + 23 = -4*i, -i - 3*a = 18. Calculate t(i).
8
Suppose 51 = -5*g + u + 27, -3*g = 4*u + 19. Let w(q) = -q + 1. Let m(h) = 6*h - 6. Let c(v) = 2*m(v) + 11*w(v). What is c(g)?
-6
Let w(n) = 11*n**3 - 7*n**2 + 6*n - 5. Let b(s) = -s**3 + s**2 - s + 1. Let m(z) = 5*b(z) + w(z). Let j = 1857 - 1856. Calculate m(j).
5
Let c = -3 - -4. Suppose c + 0 = r. Let v(u) = 14*u**3 - u + 1. Let h(z) = 29*z**3 - 2*z + 2. Let a(m) = -2*h(m) + 5*v(m). Give a(r).
12
Let o(f) = 17*f**2 + 3 + f + 6 - 18*f**2 + 14 + 5. Give o(0).
28
Let b(u) = -2*u**3 - 8*u**2 + 4*u + 8. Let s = -12 + 14. Let q(g) = g**3 - 4*g**3 + 12 + 0*g**3 - 12*g**s + 6*g. Let w(a) = -7*b(a) + 5*q(a). What is w(-4)?
-4
Let v(s) = -10*s**2 + 2*s - 3. Let h(l) = 13*l**2 - 2*l + 3. Let j(k) = -3*h(k) - 4*v(k). Give j(2).
3
Let f(a) = 3*a + 6. Suppose -12 = -2*o - 0. Let k(v) = v**3 - 7*v**2 + 7*v + 5. Let s be k(o). Let h = s + -15. What is f(h)?
-6
Let u = 168 - 163. Let w = -3 + 5. Let y(p) = -2 - 2*p + p**w - 2 - 2*p + 0. Determine y(u).
1
Let k(j) = -j + 3. Let x(q) = 15*q + 21. Let i be x(-1). Calculate k(i).
-3
Let o be -1 + ((-2)/(-3))/(9/(-27)). Let k(f) = -f - 10. What is k(o)?
-7
Let c(n) = -n**2 + 3. Let w be c(0). Let l(k) = w + 1 - 7 + 0 + 2*k. Let y be (8 + -2)/(-6 + 8). Determine l(y).
3
Let n(a) = -a**2 + 3*a**3 - a**3 + 4 - 3*a**3 + 2*a**3. Let q be 24/42 - 12/21. Give n(q).
4
Let s(y) = -y + 1. Suppose z + 5*z = -6. Let m(l) = 6*l**2 + l + 2. Let t be m(z). What is s(t)?
-6
Let l(j) = -8*j + 1. Suppose -11 = 4*g - 19. Let k be g/6*0 + 1. Calculate l(k).
-7
Let m(a) = -5*a**3 - 3*a**2 + 5*a + 7. Let w(b) = -6*b - 7 - 6*b**3 + 14*b**3 + 2*b**2 - 2*b**3. Let d(p) = -5*m(p) - 4*w(p). Give d(-7).
0
Let d(u) = -4*u + 5*u**2 - 6143 - u**2 + 11*u**3 - 10*u**3 + 6138. Suppose -2*h - 10 = h - 5*c, h = -3*c - 8. What is d(h)?
-10
Let b(t) be the third derivative of -2*t**2 - 1/6*t**3 + 1/24*t**4 + 7/60*t**5 + 0 + 23*t. Give b(1).
7
Let p be ((-40)/14 - -2)*182/(-52). Let r(k) = k + 1. Let g(b) = -3*b - 3. Let a(m) = -g(m) - 4*r(m). Calculate a(p).
-4
Let d(l) = l**2 + 5*l - 2. Suppose 39*f + 357 = 84. What is d(f)?
12
Let q(r) be the third derivative of -r**6/24 - r**5/60 - r**4/8 - r**3/6 - 18*r**2 + 1. What is q(-1)?
6
Let v(m) = 0*m**2 + 231*m**3 - 228*m**3 - 3*m + 2*m**2 + m. Calculate v(-2).
-12
Let z(d) = d**3 - 5*d**2 - 9*d + 1. Let h = -24 + 30. Determine z(h).
-17
Suppose 30*y - 25*y - 25 = 0. Suppose k + 4*h - 2 = -17, y*h = 4*k - 45. Suppose -5*r + 4*m - 17 = m, 13 = -k*r + 2*m. Let d(w) = -6*w. What is d(r)?
6
Let a(x) = 1. Let i(r) = -7*r - 1. Let s(v) = 3*a(v) - i(v). Let f(j) = -7*j - 5. Let w(p) = 5*f(p) + 6*s(p). Give w(-1).
-8
Let i(w) = -18*w + 122. Let d be i(7). Let y(h) = 2*h**3 + 7*h**2 + 6*h + 5. Calculate y(d).
-35
Let x(b) be the third derivative of b**5/60 - b**4/24 - 3*b**3/2 - b**2 + 12*b. Calculate x(0).
-9
Suppose 3*m = -0*m. Let u(a) = 3 - 1 + 2*a - a + m. Let z(i) = -2*i**2 - 11*i - 10. Let w be z(-5). Calculate u(w).
-3
Suppose 0 = -2*y + 5*s + 25, 0 = -2*y + 4*s - 8 + 28. Suppose t = -y*t + 16. Suppose t + 4 = 5*z. Let q(g) = 2*g + 1. What is q(z)?
9
Let d(a) = 2*a - 2. Let c(q) = -2*q**2 - 13*q - 12. Let o be c(-5). Suppose -o*x + 3 = 5*w, -2*w - 3*x + 3 = -3*w. Let p be 4 - (2/1 - w). Determine d(p).
2
Suppose 0 = -6*f + 7*f. Suppose f*m = 3*m. Let b(z) = m*z - 4*z + 2*z + 5*z. Give b(-1).
-3
Suppose 0 = -w + 2*w. Let h(i) = 1 - i + 2*i + w. Let a be (6/5)/((-6)/20). Give h(a).
-3
Suppose -106 = 60*a + 374. Let w(d) = d**3 + 6*d**2 - 18*d - 25. Give w(a).
-9
Let q(o) be the first derivative of -2*o**2 - 7*o - 1. Suppose -17*u - 40 - 45 = 0. Give q(u).
13
Let d(j) = -j**2 + 9*j - 15. Let x be d(7). Let u(q) be the third derivative of q**4/8 - q**3/6 - 6*q**2. What is u(x)?
-4
Let c(w) = 2*w - 3. Let h(q) = 2*q - 20. Let z = -31 + 38. Let d be h(z). Calculate c(d).
-15
Let p(v) = 5*v**2 - 13*v + 7. Let j(n) = -4*n**2 + 12*n - 7. Let s = -19 - -23. Let c(q) = s*j(q) + 3*p(q). Calculate c(6).
11
Suppose n - 5 = 0, -5 = 5*h + 12*n - 8*n. Let b(g) = -g**2 - 6*g - 11. Give b(h).
-6
Let h(c) = c**3 - 7*c**2 + 7*c - 6. Let i(v) = -v**3 + 5*v**2 - 2*v - 2. Let n be i(4). Let t = -24 - -29. Suppose -t*w + n*w - 6 = 0. Calculate h(w).
0
Let g(r) = 2*r**2 - 72*r - 112. Let n(z) = -3*z**2 + 110*z + 167. Let d(u) = 8*g(u) + 5*n(u). Determine d(28).
-5
Let n(k) = -k**2 + 12*k - 6. Let i(t) be the second derivative of -5*t**3/3 - 3*t**2/2 + 5*t. Let j be i(-1). What is n(j)?
29
Suppose -y = f - 3*f - 7, 2*f - 13 = -3*y. Let r(w) = -1. Let x(s) be the first derivative of -s**2 - 6*s + 4. Let g(q) = f*x(q) + 4*r(q). Calculate g